 6*p. Let l(x) = x. Let t(y) = d(y) + 5*l(y). Let j be t(-2). Let v(b) = b**3 - b - 1. What is v(j)?
5
Suppose -3*l - 26 = -5. Let g = 10 + l. Let f(i) = -4*i**3 - 5*i + 0*i**g - 4*i**2 + 5*i**3 - 1. Calculate f(5).
-1
Let y(k) = -6*k**3 - 2*k**2 + k. Let w be 3/(14/8 - 1). Let j be (-6)/w + (-12)/(-8). Let x be 1 + j/(1 + 0). Determine y(x).
-7
Let s(p) be the second derivative of p**4/12 - 5*p**3/6 - 4*p**2 - 23*p. What is s(6)?
-2
Let y(d) = d**2 - 8*d + 10. Let h be (-69)/(-9) + 4/(-6). Determine y(h).
3
Let u(d) be the second derivative of d**5/20 - d**4/3 - 5*d**3/6 + 5*d**2/2 + 7*d. Give u(5).
5
Let l(z) = z - 3. Let x = 0 - -6. Calculate l(x).
3
Let x = -8 + 14. Let h(w) = -2*w**2 + 8*w + 1. Determine h(x).
-23
Let i(p) = p**3 - 3*p**2 + 3*p + 3. Let d(b) = 5*b**3 - 11*b**2 + 13*b + 12. Let n(w) = 2*d(w) - 9*i(w). What is n(-5)?
2
Let d(w) be the first derivative of -6 - 3*w + 1/3*w**3 + 2*w**2. Give d(-4).
-3
Let z(x) = -2*x. Let s(f) = f**2 + f. Let b(y) = y**2 - 6*y + 4. Let o be b(5). Let l be s(o). Suppose -12 = 4*p, l*p + 4*p = -3*q - 6. What is z(q)?
-4
Let k be 14/4 + 1/2. Let q = -3 + k. Let b(x) = -x**2 - q + 0 - 4 - 5*x. What is b(-5)?
-5
Let g(o) be the second derivative of o**4/12 - o**3/3 + 2*o**2 - 4*o. Give g(3).
7
Suppose -x = b, 28 = 4*b - 8*b + 3*x. Let z be 2/b*-1*6. Suppose -j - z = d, 1 = -j + 5*d - 2. Let h(s) = -s**2 - 4*s - 4. Calculate h(j).
-1
Let v(j) be the second derivative of -1/2*j**2 - 1/3*j**3 - 3*j + 0. What is v(-1)?
1
Let o(t) be the third derivative of -t**5/15 + t**4/12 - t**3/2 - 14*t**2. Calculate o(2).
-15
Let q(h) = -2*h + 1. Let u(w) = -2*w + 2. Let t(n) = -7*q(n) + 6*u(n). Determine t(-5).
-5
Let u(g) = g**2 - 2*g - 3. Let w be (-2)/3 - (-2)/(-6). Suppose -7 - 13 = -4*h. Let d = h + w. Calculate u(d).
5
Let p(t) = 2*t**2 - 4*t + 3. Suppose -3*s + 13 + 5 = 0. Let l be (2/s)/((-2)/(-66)). Suppose 2*u = -3*g, 3*g - 2*g - 3*u - l = 0. Calculate p(g).
3
Let x be (-82)/8 - 5/(-20). Let h(v) = v**2 + 12*v + 15. What is h(x)?
-5
Let i(w) = -7*w**2 - 3*w + 9. Let v(d) = d**2 - 4*d - 2. Let y be v(5). Let t(m) = -4*m**2 - m + 5. Let j(q) = y*i(q) - 5*t(q). What is j(-3)?
5
Let p(f) = -5*f + 0*f + f**3 - f**2 + 3 + 4*f. Calculate p(0).
3
Let s(n) = -10 - 2*n + 10 + 5*n. Calculate s(1).
3
Let b(m) = -3*m**2 + 2 + 4*m**2 + 6*m - 2*m**2. Give b(3).
11
Let t(n) be the first derivative of -n**5/60 + 7*n**4/24 - 2*n**3/3 - 2*n**2 + 2. Let s(y) be the second derivative of t(y). Calculate s(6).
2
Let c = -1 - -1. Suppose -2*a + 12 = -0*a. Let b(z) = 0 + z**2 - a - 2*z**2. Calculate b(c).
-6
Let q(g) = 3*g - 9*g**2 - 1 - 4*g**2 - g**3 + 17*g**2 + 2*g**3. What is q(-4)?
-13
Let c be 1/(-2) - 9/(-6). Let a(f) = c - f - 2 - 3. Let o = 8 + -12. Calculate a(o).
0
Let b(n) = -1 + 1 + n + 2*n**2. Let h(x) = -x - 3. Let z be h(-1). What is b(z)?
6
Let g(z) = 5*z + z - 5*z. Let y = 2 - 1. Give g(y).
1
Let j(a) be the third derivative of -a**5/60 + 7*a**4/24 + a**3/3 - a**2. Determine j(5).
12
Suppose 0 = -3*i + o + 15, -5*i = -0*o - 2*o - 25. Let m(d) = -d - 1. Let z(t) = -4*t - 2. Let p(l) = -2*m(l) + z(l). Give p(i).
-10
Let n = 144 - 138. Let m(r) = -r**3 + 6*r**2 - 2*r + 8. What is m(n)?
-4
Let j be (-5)/(-15)*3/1. Let f be (j/(-2))/((-2)/8). Let a(i) = -2*i - i + 2 - f*i + 4*i. Calculate a(0).
2
Suppose 0 = y - 5*y + 16. Let q(j) = -y*j + 5*j**2 - 4 + j**2 - 5*j**2. Give q(6).
8
Let w(p) = 3*p**2 - p**3 - 6 - 1 + 2*p + 5. Determine w(4).
-10
Let u(a) = -a. Let z be u(1). Let s(d) = -7*d**2 + 2*d - 8*d - 1 + 4 - 4. Let y(i) = 8*i**2 + 5*i + 1. Let p(v) = -4*s(v) - 5*y(v). Give p(z).
-12
Let d(a) be the first derivative of a**3/3 - a**2/2 + 5*a - 1. Suppose 9 = 3*g + 2*s, -5*g + 8 = 3*s - 2*s. Let f be g - (-6 - -3 - -4). Give d(f).
5
Let o(t) = -8*t + 4 + 6*t**2 - 4*t**2 - 6. Let y(w) = -w**2 + 7*w + 3. Let j(f) = 2*o(f) + 3*y(f). Let r be j(-4). Let v(a) = -5*a**3 + a - 1. Give v(r).
-5
Suppose -d + 6*d = -5. Let a be -3 + (d - -4) + -2. Let z(m) = 0 - 3 + 1 - 6*m. Determine z(a).
10
Suppose -5*o + p + 18 = 0, 2*o = 7*o - 4*p - 27. Let v(y) = y**o - 4*y + y + 7 + 3*y. Determine v(0).
7
Let r(a) = -4*a + 8 - 3 + 2*a. Suppose 4*q - 5*p = 40, q - p + 11 = -5*p. Give r(q).
-5
Let x(c) be the second derivative of -c**5/20 - c**4/4 + 2*c**3/3 + c**2/2 + 2*c. Let m(f) = f**2 + 9*f + 4. Let k be m(-8). What is x(k)?
1
Let q(b) = -4*b**3 + 2*b**2 + b + 1. Let p(w) = -2*w**3 + w**2 + w. Let n(m) = 7*p(m) - 3*q(m). Suppose -3*r + 6 = -3. Let z be (r/3 + 1)/1. Calculate n(z).
-7
Let g(z) = -z**2 + 3*z - 1. Suppose -1 - 15 = -2*t - 4*p, -23 = -4*t - 5*p. Let u be 12/t + -6 + 5. Give g(u).
-11
Let c(t) = t + 1. Let y(p) = p + 4. Let l(n) = 2*c(n) - y(n). Calculate l(1).
-1
Let b(r) = 3*r**2 - 3*r - 4. Let p be b(3). Let m be 9/(-18) - p/(-4). Let c(u) = 2*u - 2 + 4 - m. Give c(-3).
-7
Let z(v) be the first derivative of v**3/3 + 2*v**2 - 3*v + 1. What is z(-3)?
-6
Let h be -5*(1 + 16/(-10)). Let l(x) = x**2 - 3*x - 3*x**2 - h + 0 + 3*x**2. Calculate l(3).
-3
Let a(d) = d**3 + 6*d**2 - 6*d. Let x be (2/(6/(-21)))/(-5 + 6). What is a(x)?
-7
Let a(q) = -4*q + 3*q**2 - 2*q**2 + 0*q**2 - 2. Let y be a(3). Let g(t) = -t**2 - 5*t + 5. Let v be g(y). Let m(h) = h - 7. Calculate m(v).
-2
Let o(a) = -a - 1. Let t(s) = s**3 + 7*s**2 + 9*s - 1. Let n be t(-2). Calculate o(n).
-2
Let h(m) = -22*m**2 + 7*m**2 + m**3 - m + 0*m + 10*m**2. Let s(z) = z**2 + 4*z - 7. Let q be s(-6). Give h(q).
-5
Let x be 5/((-10)/4) + 4. Let a be x/(-3) + (-14)/6. Let q(s) = s**3 + 2*s**2 + 3. What is q(a)?
-6
Let c(y) = 7*y - 1. Suppose -f + 3*f + 5*r = -14, 3*f - 21 = 3*r. Suppose -f*q = -q + 2. Calculate c(q).
-8
Let p(n) = n + 12. Suppose 5*v - 2*w - 13 = -48, 4*v + 25 = w. Calculate p(v).
7
Let c = 12 - 10. Let q(r) be the first derivative of -r**4/4 + r**2 - 2*r - 5. What is q(c)?
-6
Let g(r) = 4*r - 1. Let j be g(1). Suppose 0 = -9*w + 3*w + 12. Let s(b) = -b**3 - 2*b**2 + 2*b**2 + 1 + 2*b**w + 2*b**2. Give s(j).
10
Let u(o) = o**3 + 6*o**2 + 7*o + 6. Let t be u(-4). Let a = t + -14. Let f(z) = -z**2 - 3*z + 4. Give f(a).
0
Let l be (-4 - (-4 - -1))*5. Let j(y) = 4*y + 7. What is j(l)?
-13
Let j(g) be the second derivative of -g**5/20 - g**4/4 - g**3/6 + 3*g**2/2 - 5*g. Let v(w) = 2*w + 1. Let m be v(-2). Determine j(m).
6
Suppose -7*i = -6*i - 1. Let m = 2 - 0. Let w(t) = -2*t - m + 2. What is w(i)?
-2
Let x(z) be the second derivative of -z**3 - z + 0 + 0*z**2 - 1/6*z**4. Let o(y) = -y**3 - 7*y**2 - 4*y + 8. Let c be o(-6). Determine x(c).
-8
Let u(r) = -r**3 + r**2 - r + 1. Let g(l) = 2*l - 12. Let m be g(7). Give u(m).
-5
Let z = -10 - -12. Let j(a) be the first derivative of 1/3*a**3 - 1/4*a**4 + 0*a - z - a**2. What is j(2)?
-8
Let v(q) = -q**2 + 5*q + 4. Let s(z) = -z**2 + 6*z + 5. Let c(n) = 4*s(n) - 5*v(n). Let l(j) = j**3 - 8*j + 4. Let b(m) = -4*c(m) + l(m). What is b(5)?
9
Let w = -6 - -10. Let r(g) = -g**3 + 5*g**2 + g + 1. Let n(i) = -6*i**2 - 2 + 6 + i**3 + 2 - 8. Let d(o) = -2*n(o) - 3*r(o). Give d(w).
5
Let y(b) = -b**3 - 5*b**2 + 4. Let l(w) = -w**3 + 10*w**2 - 9*w + 2. Let j be l(9). Suppose -j*a + 8 = -4*h, 0 = 5*h - a - 1 + 17. Give y(h).
-12
Let d be (5/(-1))/1 - -1. Let a(o) = o**2 + 5*o + 5. Let h be a(d). Let c(z) = -4*z**3 + 5*z**2 + 5*z**3 + z - h + 4*z. Determine c(-4).
-5
Let m(t) be the third derivative of 0 + 0*t - 4*t**2 + 0*t**4 - 1/20*t**5 + 1/6*t**3. What is m(-1)?
-2
Let r = 14 - 10. Let d(p) = p**3 - 5*p**2 + p + 4. Give d(r).
-8
Let w(l) be the first derivative of 4*l**3/3 - l**2/2 - 15. What is w(1)?
3
Let n be 0 + (-6)/(-4)*2. Let q be ((-40)/(-24))/((-1)/n). Let s(r) be the second derivative of -r**5/20 - r**4/3 + r**3/2 - 7*r**2/2 + r. Give s(q).
3
Let g(x) = x - 4. Suppose 3*r - 4*w - 47 = 0, 2*w - 72 + 11 = -5*r. Let y = r + -18. Calculate g(y).
-9
Let t(a) be the first derivative of -a**6/360 - a**5/120 - a**4/12 + a**3 + 4. Let d(h) be the third derivative of t(h). Determine d(2).
-8
Let d(s) = 2*s**2 + 15*s + 11. Let v(t) = -t**2 - 7*t - 5. Let u(j) = 3*d(j) + 7*v(j). Let x = -2 - 1. Determine u(x).
1
Let h(u) be the third derivative of u**4/24 - 2*u**3 + 13*u**2. Give h(0).
-12
Let v(y) = -1 + 0*y**2 + 0*y**2 + 3*y**2 + y + 6 - y**3. Determine v(4).
-7
Let j(c) be the first derivative of c**2 + 2*c + 1.